{"id":3260,"date":"2026-02-28T11:10:46","date_gmt":"2026-02-28T10:10:46","guid":{"rendered":"http:\/\/198.46.190.232\/mypara\/?product=ak-skin-creme-apaisante-et-hydratante-80gr"},"modified":"2026-03-31T18:28:06","modified_gmt":"2026-03-31T17:28:06","slug":"ak-skin-creme-apaisante-et-hydratante-80gr","status":"publish","type":"product","link":"http:\/\/www.yespara.tn\/?product=ak-skin-creme-apaisante-et-hydratante-80gr","title":{"rendered":"AK-SKIN CREME APAISANTE ET HYDRATANTE 80GR"},"content":{"rendered":"","protected":false},"excerpt":{"rendered":"<p>AK-SKIN est un soin con\u00e7u avec une formule riche, hautement hydratante et apaisante compos\u00e9e d\u2019ingr\u00e9dients actifs tels que l\u2019aloe vera, l\u2019allantoin, l\u2019alpha-bisabolol, l\u2019huile d\u2019agan, la vitamine E et la pro-vitamine B5. Id\u00e9al pour le soin quotidien, AP-SKIN apaise, rafra\u00eechit et hydrate intens\u00e9ment la peau laissant une agr\u00e9able sensation de douceur.<\/p>\n","protected":false},"featured_media":3259,"comment_status":"open","ping_status":"closed","template":"","meta":[],"product_brand":[],"product_cat":[2496],"product_tag":[],"class_list":{"0":"post-3260","1":"product","2":"type-product","3":"status-publish","4":"has-post-thumbnail","6":"product_cat-holis-pharma","8":"first","9":"instock","10":"taxable","11":"shipping-taxable","12":"purchasable","13":"product-type-simple"},"_links":{"self":[{"href":"http:\/\/www.yespara.tn\/index.php?rest_route=\/wp\/v2\/product\/3260","targetHints":{"allow":["GET"]}}],"collection":[{"href":"http:\/\/www.yespara.tn\/index.php?rest_route=\/wp\/v2\/product"}],"about":[{"href":"http:\/\/www.yespara.tn\/index.php?rest_route=\/wp\/v2\/types\/product"}],"replies":[{"embeddable":true,"href":"http:\/\/www.yespara.tn\/index.php?rest_route=%2Fwp%2Fv2%2Fcomments&post=3260"}],"wp:featuredmedia":[{"embeddable":true,"href":"http:\/\/www.yespara.tn\/index.php?rest_route=\/wp\/v2\/media\/3259"}],"wp:attachment":[{"href":"http:\/\/www.yespara.tn\/index.php?rest_route=%2Fwp%2Fv2%2Fmedia&parent=3260"}],"wp:term":[{"taxonomy":"product_brand","embeddable":true,"href":"http:\/\/www.yespara.tn\/index.php?rest_route=%2Fwp%2Fv2%2Fproduct_brand&post=3260"},{"taxonomy":"product_cat","embeddable":true,"href":"http:\/\/www.yespara.tn\/index.php?rest_route=%2Fwp%2Fv2%2Fproduct_cat&post=3260"},{"taxonomy":"product_tag","embeddable":true,"href":"http:\/\/www.yespara.tn\/index.php?rest_route=%2Fwp%2Fv2%2Fproduct_tag&post=3260"}],"curies":[{"name":"wp","href":"https:\/\/api.w.org\/{rel}","templated":true}]}}