{"id":3204,"date":"2026-02-28T11:09:46","date_gmt":"2026-02-28T10:09:46","guid":{"rendered":"http:\/\/198.46.190.232\/mypara\/?product=derma-acne-mousse-peaux-grasse150ml"},"modified":"2026-03-31T18:28:08","modified_gmt":"2026-03-31T17:28:08","slug":"derma-acne-mousse-peaux-grasse150ml","status":"publish","type":"product","link":"http:\/\/www.yespara.tn\/?product=derma-acne-mousse-peaux-grasse150ml","title":{"rendered":"DERMA acne MOUSSE peaux grasse150ML"},"content":{"rendered":"","protected":false},"excerpt":{"rendered":"<p>\u2728 Derma Mousse Peaux Grasses 150 ml \ud83c\udf3f \ud83c\udf0a Nettoyage Purifiant &#038; \u00c9quilibrant \u2714\ufe0f Action cibl\u00e9e : Sp\u00e9cialement formul\u00e9e pour les peaux grasses sujettes \u00e0 l\u2019exc\u00e8s de s\u00e9bum. \u2714\ufe0f Efficacit\u00e9 : Nettoie en profondeur tout en respectant l\u2019\u00e9quilibre naturel de la peau.<\/p>\n","protected":false},"featured_media":3203,"comment_status":"open","ping_status":"closed","template":"","meta":[],"product_brand":[],"product_cat":[2433],"product_tag":[],"class_list":{"0":"post-3204","1":"product","2":"type-product","3":"status-publish","4":"has-post-thumbnail","6":"product_cat-derma-pella-soins-visage-peaux-grasse-gel-moussant","8":"first","9":"instock","10":"taxable","11":"shipping-taxable","12":"purchasable","13":"product-type-simple"},"_links":{"self":[{"href":"http:\/\/www.yespara.tn\/index.php?rest_route=\/wp\/v2\/product\/3204","targetHints":{"allow":["GET"]}}],"collection":[{"href":"http:\/\/www.yespara.tn\/index.php?rest_route=\/wp\/v2\/product"}],"about":[{"href":"http:\/\/www.yespara.tn\/index.php?rest_route=\/wp\/v2\/types\/product"}],"replies":[{"embeddable":true,"href":"http:\/\/www.yespara.tn\/index.php?rest_route=%2Fwp%2Fv2%2Fcomments&post=3204"}],"wp:featuredmedia":[{"embeddable":true,"href":"http:\/\/www.yespara.tn\/index.php?rest_route=\/wp\/v2\/media\/3203"}],"wp:attachment":[{"href":"http:\/\/www.yespara.tn\/index.php?rest_route=%2Fwp%2Fv2%2Fmedia&parent=3204"}],"wp:term":[{"taxonomy":"product_brand","embeddable":true,"href":"http:\/\/www.yespara.tn\/index.php?rest_route=%2Fwp%2Fv2%2Fproduct_brand&post=3204"},{"taxonomy":"product_cat","embeddable":true,"href":"http:\/\/www.yespara.tn\/index.php?rest_route=%2Fwp%2Fv2%2Fproduct_cat&post=3204"},{"taxonomy":"product_tag","embeddable":true,"href":"http:\/\/www.yespara.tn\/index.php?rest_route=%2Fwp%2Fv2%2Fproduct_tag&post=3204"}],"curies":[{"name":"wp","href":"https:\/\/api.w.org\/{rel}","templated":true}]}}