{"id":3180,"date":"2026-02-28T11:09:17","date_gmt":"2026-02-28T10:09:17","guid":{"rendered":"http:\/\/198.46.190.232\/mypara\/?product=uriage-hyseac-serum-peau-neuve-booster-anti-imperfections-30ml"},"modified":"2026-03-31T18:28:10","modified_gmt":"2026-03-31T17:28:10","slug":"uriage-hyseac-serum-peau-neuve-booster-anti-imperfections-30ml","status":"publish","type":"product","link":"http:\/\/www.yespara.tn\/?product=uriage-hyseac-serum-peau-neuve-booster-anti-imperfections-30ml","title":{"rendered":"URIAGE HYSEAC  S\u00e9rum Peau Neuve Booster Anti-Imperfections 30ml"},"content":{"rendered":"","protected":false},"excerpt":{"rendered":"<p>\ud83d\udd39 Corrige et pr\u00e9vient les imperfections : boutons, points noirs, marques. \ud83d\udd39 Affine le grain de peau et resserre les pores gr\u00e2ce \u00e0 une exfoliation douce et progressive. \ud83d\udd39 Unifie et illumine le teint pour un effet peau neuve imm\u00e9diat. \ud83d\udd39 Hydrate et apaise gr\u00e2ce \u00e0 l\u2019Eau Thermale d\u2019Uriage, pour un confort optimal, m\u00eame pour les peaux sensibles. \ud83d\udd39 Texture fluide, l\u00e9g\u00e8re et non grasse qui p\u00e9n\u00e8tre rapidement sans effet collant.<\/p>\n","protected":false},"featured_media":3179,"comment_status":"open","ping_status":"closed","template":"","meta":[],"product_brand":[],"product_cat":[2140,2406],"product_tag":[],"class_list":{"0":"post-3180","1":"product","2":"type-product","3":"status-publish","4":"has-post-thumbnail","6":"product_cat-soins-peau-grasse","7":"product_cat-uriage","9":"first","10":"instock","11":"taxable","12":"shipping-taxable","13":"purchasable","14":"product-type-simple"},"_links":{"self":[{"href":"http:\/\/www.yespara.tn\/index.php?rest_route=\/wp\/v2\/product\/3180","targetHints":{"allow":["GET"]}}],"collection":[{"href":"http:\/\/www.yespara.tn\/index.php?rest_route=\/wp\/v2\/product"}],"about":[{"href":"http:\/\/www.yespara.tn\/index.php?rest_route=\/wp\/v2\/types\/product"}],"replies":[{"embeddable":true,"href":"http:\/\/www.yespara.tn\/index.php?rest_route=%2Fwp%2Fv2%2Fcomments&post=3180"}],"wp:featuredmedia":[{"embeddable":true,"href":"http:\/\/www.yespara.tn\/index.php?rest_route=\/wp\/v2\/media\/3179"}],"wp:attachment":[{"href":"http:\/\/www.yespara.tn\/index.php?rest_route=%2Fwp%2Fv2%2Fmedia&parent=3180"}],"wp:term":[{"taxonomy":"product_brand","embeddable":true,"href":"http:\/\/www.yespara.tn\/index.php?rest_route=%2Fwp%2Fv2%2Fproduct_brand&post=3180"},{"taxonomy":"product_cat","embeddable":true,"href":"http:\/\/www.yespara.tn\/index.php?rest_route=%2Fwp%2Fv2%2Fproduct_cat&post=3180"},{"taxonomy":"product_tag","embeddable":true,"href":"http:\/\/www.yespara.tn\/index.php?rest_route=%2Fwp%2Fv2%2Fproduct_tag&post=3180"}],"curies":[{"name":"wp","href":"https:\/\/api.w.org\/{rel}","templated":true}]}}