{"id":3170,"date":"2026-02-28T11:09:07","date_gmt":"2026-02-28T10:09:07","guid":{"rendered":"http:\/\/198.46.190.232\/mypara\/?product=biobalance-super-hydrator-50ml"},"modified":"2026-03-31T18:28:10","modified_gmt":"2026-03-31T17:28:10","slug":"biobalance-super-hydrator-50ml","status":"publish","type":"product","link":"http:\/\/www.yespara.tn\/?product=biobalance-super-hydrator-50ml","title":{"rendered":"BIOBALANCE super hydrator 50ML"},"content":{"rendered":"","protected":false},"excerpt":{"rendered":"<p>Acide hyaluronique : Hydrate intens\u00e9ment et repulpe la peau Ingr\u00e9dients nourrissants : Renforce la barri\u00e8re cutan\u00e9e et prot\u00e8ge contre les agressions ext\u00e9rieures Texture l\u00e9g\u00e8re et non grasse : Apporte confort sans sensation de lourdeur Hydratation longue dur\u00e9e : Maintient une peau hydrat\u00e9e et douce tout au long de la journ\u00e9e Flacon avec pompe : Application facile et hygi\u00e9nique<\/p>\n","protected":false},"featured_media":3169,"comment_status":"open","ping_status":"closed","template":"","meta":[],"product_brand":[],"product_cat":[2400],"product_tag":[],"class_list":{"0":"post-3170","1":"product","2":"type-product","3":"status-publish","4":"has-post-thumbnail","6":"product_cat-biobalance-soins-visage-soins-hydratants-et-nourrissants-2","8":"first","9":"instock","10":"taxable","11":"shipping-taxable","12":"purchasable","13":"product-type-simple"},"_links":{"self":[{"href":"http:\/\/www.yespara.tn\/index.php?rest_route=\/wp\/v2\/product\/3170","targetHints":{"allow":["GET"]}}],"collection":[{"href":"http:\/\/www.yespara.tn\/index.php?rest_route=\/wp\/v2\/product"}],"about":[{"href":"http:\/\/www.yespara.tn\/index.php?rest_route=\/wp\/v2\/types\/product"}],"replies":[{"embeddable":true,"href":"http:\/\/www.yespara.tn\/index.php?rest_route=%2Fwp%2Fv2%2Fcomments&post=3170"}],"wp:featuredmedia":[{"embeddable":true,"href":"http:\/\/www.yespara.tn\/index.php?rest_route=\/wp\/v2\/media\/3169"}],"wp:attachment":[{"href":"http:\/\/www.yespara.tn\/index.php?rest_route=%2Fwp%2Fv2%2Fmedia&parent=3170"}],"wp:term":[{"taxonomy":"product_brand","embeddable":true,"href":"http:\/\/www.yespara.tn\/index.php?rest_route=%2Fwp%2Fv2%2Fproduct_brand&post=3170"},{"taxonomy":"product_cat","embeddable":true,"href":"http:\/\/www.yespara.tn\/index.php?rest_route=%2Fwp%2Fv2%2Fproduct_cat&post=3170"},{"taxonomy":"product_tag","embeddable":true,"href":"http:\/\/www.yespara.tn\/index.php?rest_route=%2Fwp%2Fv2%2Fproduct_tag&post=3170"}],"curies":[{"name":"wp","href":"https:\/\/api.w.org\/{rel}","templated":true}]}}