{"id":3164,"date":"2026-02-28T11:09:01","date_gmt":"2026-02-28T10:09:01","guid":{"rendered":"http:\/\/198.46.190.232\/mypara\/?product=biobalance-super-pure-50ml"},"modified":"2026-03-31T18:28:10","modified_gmt":"2026-03-31T17:28:10","slug":"biobalance-super-pure-50ml","status":"publish","type":"product","link":"http:\/\/www.yespara.tn\/?product=biobalance-super-pure-50ml","title":{"rendered":"BIOBALANCE super pure 50ML"},"content":{"rendered":"","protected":false},"excerpt":{"rendered":"<p>Actifs purifiants : Aide \u00e0 r\u00e9duire les imperfections et r\u00e9gule la production de s\u00e9bum Hydratation \u00e9quilibr\u00e9e : Nourrit et hydrate sans alourdir la peau R\u00e9duit les rougeurs et les irr\u00e9gularit\u00e9s : Apporte un teint plus uniforme L\u00e9g\u00e8re et non grasse : Texture fluide qui p\u00e9n\u00e8tre rapidement Flacon pipette : Application pr\u00e9cise et hygi\u00e9nique<\/p>\n","protected":false},"featured_media":3163,"comment_status":"open","ping_status":"closed","template":"","meta":[],"product_brand":[],"product_cat":[2401],"product_tag":[],"class_list":{"0":"post-3164","1":"product","2":"type-product","3":"status-publish","4":"has-post-thumbnail","6":"product_cat-biobalance-soins-visage-soins-hydratants-et-nourrissants-peaux-normales-a-mixtes","8":"first","9":"instock","10":"taxable","11":"shipping-taxable","12":"purchasable","13":"product-type-simple"},"_links":{"self":[{"href":"http:\/\/www.yespara.tn\/index.php?rest_route=\/wp\/v2\/product\/3164","targetHints":{"allow":["GET"]}}],"collection":[{"href":"http:\/\/www.yespara.tn\/index.php?rest_route=\/wp\/v2\/product"}],"about":[{"href":"http:\/\/www.yespara.tn\/index.php?rest_route=\/wp\/v2\/types\/product"}],"replies":[{"embeddable":true,"href":"http:\/\/www.yespara.tn\/index.php?rest_route=%2Fwp%2Fv2%2Fcomments&post=3164"}],"wp:featuredmedia":[{"embeddable":true,"href":"http:\/\/www.yespara.tn\/index.php?rest_route=\/wp\/v2\/media\/3163"}],"wp:attachment":[{"href":"http:\/\/www.yespara.tn\/index.php?rest_route=%2Fwp%2Fv2%2Fmedia&parent=3164"}],"wp:term":[{"taxonomy":"product_brand","embeddable":true,"href":"http:\/\/www.yespara.tn\/index.php?rest_route=%2Fwp%2Fv2%2Fproduct_brand&post=3164"},{"taxonomy":"product_cat","embeddable":true,"href":"http:\/\/www.yespara.tn\/index.php?rest_route=%2Fwp%2Fv2%2Fproduct_cat&post=3164"},{"taxonomy":"product_tag","embeddable":true,"href":"http:\/\/www.yespara.tn\/index.php?rest_route=%2Fwp%2Fv2%2Fproduct_tag&post=3164"}],"curies":[{"name":"wp","href":"https:\/\/api.w.org\/{rel}","templated":true}]}}